 is b(y)?
7
Let l(g) = g**3 + 5*g**2 - 3*g + 6. Let i(t) = 2*t - 1. Let a(q) = -2*i(q) - l(q). Give a(-5).
1
Let r be (-1)/((-6)/(48/20) + 2). Let j(h) = h**3 - h**2 + 17*h - 29*h - 3 + 13*h - h**r. Determine j(3).
9
Let w(r) be the third derivative of 0*r + 1/12*r**4 + 0 - r**2 + 5/6*r**3. Let z be (6/(-4) - (-301)/86) + -6. Calculate w(z).
-3
Let k(j) be the third derivative of -j**9/60480 - j**8/5040 + j**7/840 - j**6/360 - j**5/20 - 11*j**2. Let a(l) be the third derivative of k(l). Give a(-5).
-7
Suppose 0 = 3*n - 7 - 26. Suppose -6*g - 3*i - 33 = -3*g, g - 3*i = -n. Let l(c) = c + 7. Give l(g).
-4
Let t(a) be the second derivative of -a**5/20 - 7*a**4/12 - a**3 - 3*a**2 - 157*a. Give t(-6).
-6
Let u(f) be the first derivative of f**4/24 + f**2 - 4. Let x(z) be the second derivative of u(z). Let j be (-1)/(((-15)/20)/(3/2)). Determine x(j).
2
Suppose -6*y + 22 = -17*y. Let p(c) = -4*c - 1. Let l(f) = 4*f. Let u(v) = 2*l(v) + 3*p(v). Determine u(y).
5
Suppose -8*h + 12 = -6*h + 4*k, -10 = -2*h - 3*k. Let a(o) be the first derivative of -o + 1/2*o**h - 12. What is a(2)?
1
Suppose -4 = 2*s - 5*t + t, 0 = -2*t + 8. Let c(x) = s*x - 5*x + 0*x + 4. Suppose -4*g - 28 = -0*g. What is c(g)?
-3
Let q(j) = -j**3 - 2*j**2 + 4*j + 4. Let r = -92 - -88. Determine q(r).
20
Let o be ((-3)/(-84))/(54/63). Let m(z) be the third derivative of 1/3*z**3 - o*z**4 + 2*z**2 - 1/60*z**5 + 0*z + 0. What is m(3)?
-10
Let y = -54 + 102. Let g(n) = y + 3*n - 24 - 21 - n. Determine g(-7).
-11
Let l(s) = -2*s - 13. Let b(v) = 4*v + 30. Let d(m) = -4*b(m) - 9*l(m). Determine d(10).
17
Let m = -267 - -269. Let u(g) = g**3 - 2*g**2 - 3*g + 3. Determine u(m).
-3
Let o(y) = -y**3 + 4*y**2 - 2*y + 2. Suppose -m + k = -2*k + 3, k = 4*m + 1. Suppose -3*p - p = -4*s + 4, -2*s - 4*p + 8 = m. Give o(s).
6
Suppose -10 = 5*p - 25. Suppose -2*l - 17 = -p. Let b(j) be the first derivative of j**3/3 + 7*j**2/2 + 6*j + 1. What is b(l)?
6
Let g(s) = s**2 + s - 1. Suppose -4 = -40*y - 164. Give g(y).
11
Suppose 0 = n - 0*n - 25. Suppose 5*s + u + n = 0, 5 = 3*u - 10. Let w(y) = y**3 + 5*y**2 - 8*y - 8. Give w(s).
4
Let w = 5 + -8. Let c(b) be the third derivative of -5/24*b**4 - 1/2*b**3 + 0*b - b**2 + 0. Calculate c(w).
12
Let n(z) be the third derivative of -z**4/24 - z**2 - 54. Let o be (1 + -1)/(-2) - -11. Let k(v) = v - 12. Let l be k(o). Give n(l).
1
Let u(p) = 10 + 0 - 2 - p**2 - 5 - 5*p - 4. Determine u(-7).
-15
Suppose -12*n + 20*n = 0. Let b(a) = -a + 16. Determine b(n).
16
Let k(q) = -q**3 + 5*q**2 - q - 4. Suppose 0 = -v - 24 - 0. Let y = -19 - v. What is k(y)?
-9
Suppose 4*a - 6 = 6. Let h(d) = -70 + 65 + 2*d**2 - 2*d**2 + d**a. What is h(0)?
-5
Suppose -33*u + 72 = -69*u. Let n(x) = 9*x - 2. Let m(r) = -5*r + 1. Let f(d) = -11*m(d) - 6*n(d). Calculate f(u).
-1
Let k = -12 - -15. Let r(v) = 11*v**3 + 13*v**2 - 11*v**2 + 2*v + 1 - 6*v**k. Let q be (-1 + 0)*-1 + -2. Give r(q).
-4
Let d(g) = -2*g**3 + 49*g**2 - 20*g - 94. Let h be d(24). Let o(a) = 26*a. Give o(h).
52
Suppose z = -9 + 45. Let j = z + -30. Let s(a) = -4*a**2 + 3*a**2 + j + 2*a**2 - 7*a + 2*a. Give s(5).
6
Suppose -3*f - 4 = -2*j + 6*j, 3*j + 3*f + 6 = 0. Suppose 5*o - 6 = -h, -o - 6 = j*h - 0*o. Let d(b) = b**2 + 7*b - 1. Calculate d(h).
-13
Let s(y) = -2*y**2 + 7 + 3*y**2 + 33*y + 3*y**2 - 28*y. Let u(m) = 2*m**2 + 3*m + 4. Let i(p) = -3*s(p) + 5*u(p). What is i(-1)?
-3
Let d(u) = -2*u + 3. Suppose -4*z + 5*v - 34 = -z, -5*v + 28 = -z. Determine d(z).
9
Let i(z) = -11*z**3 - 13*z**2 + 10*z - 24. Let n(u) = -4*u**3 - 4*u**2 + 3*u - 8. Let g(k) = 3*i(k) - 8*n(k). Give g(-8).
8
Let z(r) = -15*r**2 + 9*r - 8. Let a be z(1). Let o(i) = -i**3 - 15*i**2 - 14*i + 4. Calculate o(a).
4
Let h(r) = -14*r. Suppose 3*k = -0*k + 3. Let c be h(k). Let u = 10 + c. Let q(s) = s**2 + 4*s. Calculate q(u).
0
Let k(w) = -w**2 + 5*w + 6. Let g be 12 + 1/1 + 1. Let n be 195/21 + (-4)/g. Let r be n + (2 - 3) + -2. Calculate k(r).
0
Let c(o) = -o**3 + 2*o**2 - 3*o + 3. Let v(m) be the third derivative of m**5/60 - m**3/6 - 13*m**2. Let g(s) = -c(s) - 2*v(s). Give g(2).
-3
Let t(q) = 3*q**2 - 4*q + 1. Let v = -18 + 7. Let n(s) = -s**2 - 10*s + 14. Let x be n(v). Give t(x).
16
Let u(p) = 2*p**2 - p - 3. Suppose -5*d - 2*z = 0, -4*d + 6*z = 4*z - 18. Determine u(d).
3
Let k(w) = -w**3 + 13*w**2 - 12*w - 7. Let r = 170 + -158. Calculate k(r).
-7
Suppose y - 12 = -2*y. Let h(r) = -6*r**2 - 20*r - 5. Let o(d) = 5*d**2 + 18*d + 4. Let k(q) = 6*h(q) + 7*o(q). What is k(y)?
6
Let w(t) = t**2 - 2*t + 3. Let b be w(2). Let s = -14 - -15. Let h(v) = -v**2. Let l(m) = 7*m**2 - 3*m + 4. Let k(p) = s*l(p) + 6*h(p). What is k(b)?
4
Let v(k) = -3*k**3 + 6*k + 4*k**3 - 7*k**2 - 6 + 2. Let m(l) = 5*l - 24. Let z be m(6). Determine v(z).
-4
Let a(s) = s**3 + s**2 - 3*s + 4. Suppose -4*u + 23 = 7. Let r = u + 1. Suppose 30 = -5*z + r*g, -z - z = -g + 9. Calculate a(z).
-5
Let x(g) = -g**2 - 5*g - 2. Let m be x(-4). Let y(i) = -i**3 + 7*i**2 + 8*i. Let d be y(8). Let a(p) = -p**m + d*p - 7 + 6 - 3*p. Determine a(-2).
1
Let o(m) = -2*m. Let h be (34/8 - -1) + (-88)/352. Give o(h).
-10
Let o(x) = 2*x + 38. Suppose 5*d = 0, n = -d - 6 - 8. What is o(n)?
10
Let w(u) = -2*u. Let l(b) = -10*b - 1. Let t(k) = -l(k) + 4*w(k). Determine t(5).
11
Let r(m) = m**2 + 17*m + 13. Suppose -g + 20 = 24, 0 = -3*f - 3*g - 57. Give r(f).
-17
Let q(v) be the second derivative of -v**5/20 + 13*v**4/12 + 17*v**3/6 + v**2 + 59*v - 3. Determine q(14).
44
Let o(i) = -i + 7. Let p(h) = -8*h - 5. Let b(a) = 17*a + 11. Let j(u) = -6*b(u) - 13*p(u). Let d be j(5). What is o(d)?
-2
Let p(m) = -4*m + 10. Let c(k) be the third derivative of k**4/12 - 5*k**3/6 + 19*k**2. Let v(q) = 9*c(q) + 4*p(q). Determine v(4).
3
Let i(f) = -f**3 - 6*f**2 + 8*f + 7. Let g be i(-7). Let a(p) = 0*p - p + g*p**2 - 2*p**2. Let v(u) = -2*u + 1. Let n be v(1). Give a(n).
-1
Let d(j) = 4*j - 17. Let k be d(5). Let l(w) = -2*w**2 + w + 1. Determine l(k).
-14
Let w(f) = -3*f**3 - 4*f**2 - 3*f - 2. Let d be 4 - -3*4/6. Let m be (24/(-36))/(2/d). Give w(m).
12
Let l = -6 + 10. Let t be -3 + -3 + (1 - -16). Suppose -a + 10 = -5*c + c, c = -l*a - t. Let p(q) = q**2 + 2*q + 1. Calculate p(c).
4
Let p(a) = -a + 36 + 4*a - 23 - 24. Let d(k) be the third derivative of k**4/12 - 5*k**3/3 + k**2. Let w(r) = -6*d(r) + 5*p(r). What is w(-4)?
-7
Suppose -y = c - 3, -5*y = -2*c + 3*c - 27. Let k(g) be the first derivative of g**3/3 - 3*g**2 + 39. Let l be k(y). Let j(n) = -n**2 + 11. Calculate j(l).
11
Let q(z) = z**2 - 12*z - 144. Let k be q(-8). Let t(s) = -3*s + 40. Calculate t(k).
-8
Let m(k) = -3*k + 1. Let z be m(-1). Suppose 31 = -2*h + 7*h + z*s, -1 = h - s. Suppose 0 = 3*o + h + 12. Let b(x) = -x**3 - 4*x**2 + 5*x + 3. Calculate b(o).
3
Let f(u) be the second derivative of -u**5/20 - u**3/6 + 7*u**2/2 + 5*u. Let y be f(0). Let b(p) = -p**3 + 7*p**2 - 2*p + 7. What is b(y)?
-7
Let n(y) = -2*y - 1. Let p(t) = -8*t**3 + 2*t**2 + 4*t + 1. Let o(z) = -2*n(z) - p(z). Determine o(1).
7
Suppose -4*t = -4*i + t + 42, 5*t = 5*i - 50. Let l = i - 11. Let y(m) = -m**3 - m**2 + 4*m + 1. What is y(l)?
7
Let h be ((-3)/2)/(-1) - 575/(-50). Let w(l) = -l + 18. Determine w(h).
5
Suppose -4*p + 2*h + 36 = 0, p - 24 = 5*h - 33. Let x(l) = 4*l - 10. Calculate x(p).
34
Let m(h) = 29*h - 26*h - 2 - 3 + 1 + 5. Let x = 12 - 17. Give m(x).
-14
Let f(p) = -2*p**3 + 7*p**2 + 6*p + 2*p**3 + p**3 + 0*p. Let s be f(-6). Let g(n) = n + 1. Calculate g(s).
1
Let i(y) be the second derivative of -y**5/20 - 5*y**4/6 - 2*y**3/3 - 6*y**2 - 2*y + 9. Give i(-10).
28
Let s(n) be the third derivative of -n**5/60 - n**4/6 + n**3/3 + 2*n**2 - 34. Calculate s(-4).
2
Let p(o) = -o**3 + 5*o**2 - 2*o - 2. Suppose 4*h - 5*f = 103, 4*f - 124 = -4*h - 12. Let a = -24 + h. What is p(a)?
10
Let b(d) = -2*d - 6. Let z(u) = -u**3 + 17*u**2 - 55*u + 45. Let w be z(13). Calculate b(w).
-18
Let l = -8 - -7. Let w be ((-14)/10)/(l/(-5)). Let t(p) = -p**2 - 9*p - 10. Determine t(w).
4
Let g = 2 + 1. Let v(u) = -3*u + 6. Determine v(g).
-3
Let i = 12 - 17. Let p(f) be the third derivative of 0 - 1/2*f**3 + 0*f - 23*f**2 + 1/12*f**4. What is p(i)?
-13
Let p = 10 + -9. Let f(g) = -2*g - 11. Let h be f(-8). Let n(i) = 4 + 3*i + 10*i - 2*i - h. What is n(p)?
10
Let s(k) = -5*k